 -3*z - 3*g + g = -145. List the prime factors of z.
47
Let t(f) = f**3 - 22*f**2 + 36*f - 52. List the prime factors of t(21).
263
Let p = 385 + -638. Let f = p + 381. What are the prime factors of f?
2
Suppose 0 = -j + 4*j + 2*j. Let d = 71 - 42. Suppose j = -l - 3 + d. List the prime factors of l.
2, 13
Let l(t) = t - 2 + 8*t + 5*t. Let n = -474 + 475. What are the prime factors of l(n)?
2, 3
Let n = 0 + -3. Let m(c) = -16*c - 3. List the prime factors of m(n).
3, 5
Suppose 3*y = 6 + 12. Let l = 17 - y. Suppose l = 3*v - 34. List the prime factors of v.
3, 5
Suppose -2295 = -5*l - 3*p, -5*l = -2*l - 4*p - 1348. List the prime factors of l.
2, 3, 19
Suppose 0 = 3*r - 4*n - 44, -3*r + 8*r - 56 = -2*n. Suppose 3*v = -v - r, -3*j + 5*v = -102. List the prime factors of j.
29
Let k = -6 + -2. Let n be (46/k)/(1/(-4)). Suppose 5*s + 9 = 2*m, 16 + n = 2*m + s. List the prime factors of m.
17
Suppose 9*r - 1803 - 3084 = 0. List the prime factors of r.
3, 181
Suppose -4*l - 616 = 5*c - 2604, 4*l = -3*c + 1988. What are the prime factors of l?
7, 71
Let s = -3 - -7. Suppose s = 2*y - 2. Suppose 0*a - 90 = -y*a. What are the prime factors of a?
2, 3, 5
Let p = 104 + 101. Suppose 3*u = -2*w + p, -2*u - 2*u = -5*w - 304. List the prime factors of u.
71
Suppose 396 + 432 = 4*j. Suppose 5*r = -12 + j. List the prime factors of r.
3, 13
Suppose 257 = -3*j + 5*r + 4149, 5*r = -3*j + 3932. List the prime factors of j/6 + 24/36.
2, 109
Suppose 4*k = -340 - 844. What are the prime factors of k/6*(-42)/28?
2, 37
Let k(t) = 2*t**2 + 33*t + 30. Let x(g) = -g**2 - 17*g - 15. Let i(d) = -6*k(d) - 11*x(d). List the prime factors of i(-6).
3, 5
Suppose -z = 0, 0 = -4*d + z + 2254 + 4454. What are the prime factors of d?
3, 13, 43
Let y(h) = -21*h + 26. Suppose -9*r + 10*r + 4 = 0. What are the prime factors of y(r)?
2, 5, 11
Suppose -4*x + 1406 = 5*f - 4126, -f + 6915 = 5*x. What are the prime factors of x?
3, 461
Let s = 10306 - 7045. List the prime factors of s.
3, 1087
Let d(v) = 76*v - 9. Let o(h) = 75*h - 10. Let p(a) = 4*d(a) - 3*o(a). List the prime factors of p(1).
73
Let r = 72 + -71. Let z(i) = 254*i**3 - i + 1. List the prime factors of z(r).
2, 127
Let t(h) = 2*h. Let u be t(3). Suppose 12*w = 19 + 17. Let a = u + w. List the prime factors of a.
3
Let l(g) = g**2 + 3*g. Let v(o) be the second derivative of o**4/6 + 11*o**3/6 + o**2/2 - 5*o. Let a be v(-6). List the prime factors of l(a).
2, 5, 7
Suppose -a - 4 - 4 = 5*f, 0 = 5*a - 4*f - 18. Let v(p) = 4 - 7*p - a*p + 6*p + 2. List the prime factors of v(-6).
2, 3
Let q(f) = -f**2 - 8*f - 18. Let i be q(-8). Let c be (-1)/(-8) + (-1544)/64. Let b = i - c. List the prime factors of b.
2, 3
Suppose -5*l = -2*l + 156. Let m be 1044/(-10) + 10/25. Let v = l - m. List the prime factors of v.
2, 13
Let u = -54 - -54. Suppose -2*p = -2*g + 2*p + 204, -2*g + p + 219 = u. What are the prime factors of g?
2, 7
Suppose -3*q - g = -11, -5*q - 5*g = -g - 23. Suppose -5*w + 430 = 5*w. Suppose 0 = q*d - 4*c - 35, -d = 2*d + 4*c - w. List the prime factors of d.
13
Let a = -39 + 41. Suppose 5*f - 369 = -a*x, 5*f - 7*f = 5*x - 891. List the prime factors of x.
3, 59
Suppose -3275 = -v - m, 2*v - 7*v + 4*m = -16330. What are the prime factors of v?
2, 3, 5, 109
Suppose 11*a = -31*a + 276276. List the prime factors of a.
2, 11, 13, 23
Let x(n) = -n**2 - 15*n - 9. Let z be x(-14). Suppose -262 = -7*v + z*v. List the prime factors of v.
131
Suppose 4*v = 26 - 126. Let r = v + 13. What are the prime factors of (r/10)/(9/(-330))?
2, 11
Let y be 226/10 + (-10)/(-25). Suppose h - 15 - y = 0. Let u = h + -23. List the prime factors of u.
3, 5
Let j be (3 - 1 - -55) + 2. Suppose j = z - 51. List the prime factors of z/8 + 3/12.
2, 7
Suppose -206 = 4*f - 2*d - 1816, -f = 4*d - 398. List the prime factors of f.
2, 3, 67
Suppose 0 = 114*k - 29*k - 310080. What are the prime factors of k?
2, 3, 19
Let j be (-49)/(-14)*(-188)/(-7). Let b = 172 - j. List the prime factors of b.
2, 3, 13
Let n = -509 + 842. What are the prime factors of n?
3, 37
Suppose -3*u + 4 = -2. Let w(f) = f**3 - 11*f**2 + 13*f + 10. Let j be w(10). Suppose 7*t = u*t + j. What are the prime factors of t?
2
Let l be -10 - 1/(1 + -2). Suppose -144 - 757 = -17*u. Let o = l + u. What are the prime factors of o?
2, 11
Let v = 33 - 36. What are the prime factors of (v + 495)/6 + 3?
5, 17
Let g be 0/2 + 12/3. List the prime factors of (g - 3 - 68)*-1.
67
Let b(g) = -g**3 - g**2 - 16. Let k be b(0). Let q(r) = -2*r**3 - 21*r**2 + 7*r - 5. Let d be q(-11). Let s = d + k. What are the prime factors of s?
23
Suppose -6*a - 2876 = -8*a. What are the prime factors of a?
2, 719
Let z = -98 + 210. Let m = 60 + z. List the prime factors of m.
2, 43
Suppose 2*w + r - 739 + 142 = 0, 5*r = -3*w + 906. List the prime factors of w.
3, 11
Suppose -3*v = 2*v - 40. Suppose v = 3*d - 2*t - 4, 2*d = 2*t + 10. Suppose -2*x + 0*x + 56 = d*b, b = 3*x + 8. List the prime factors of b.
23
Suppose -30 - 40 = -5*t. Suppose 0 = -m + t + 25. What are the prime factors of m?
3, 13
List the prime factors of 9/(-33) + (-69384)/(-308).
3, 5
Let u = -116 - -29. Let a = u + 19. Let d = 108 + a. What are the prime factors of d?
2, 5
Let v be 2 + 31/1*-1. Let o = -26 - v. Suppose 2*s = -o*n + 61, -3*s - n + 114 = -4*n. List the prime factors of s.
5, 7
Suppose -42*b - 330 = -44*b. Suppose 3*o - 159 = -4*s + s, -3*s + 3*o + b = 0. List the prime factors of s.
2, 3
Let o be -2 - 2 - (-1 - -2). Let q be (o/(-2))/(3/30). What are the prime factors of q/1*2/2?
5
Let l(p) = 92*p + 202. What are the prime factors of l(4)?
2, 3, 5, 19
Suppose 0*f + 14*f - 11900 = 0. List the prime factors of f.
2, 5, 17
Let q = 101 + 13. List the prime factors of q.
2, 3, 19
Let k be 1*2/6 - (-5376)/18. Let b = -85 + k. What are the prime factors of b?
2, 107
Suppose 0 = 2*k + 2 - 14. Let o be 27/(-18)*(-28)/k. Let s(t) = -t**3 + 6*t**2 + 14*t + 6. What are the prime factors of s(o)?
5, 11
Suppose 2*x - 4*j = -24, -3*x - 4*j = -2*j + 28. Let i(l) = -16*l - 24. Let y be i(x). Suppose -3*o - s + 148 = s, -y = -3*o + 4*s. List the prime factors of o.
2, 3
Suppose -5*b = 3*w - 6, 4*b = -4*w + 2*b + 8. Suppose -2*r + 217 = 3*t, 0 = w*t - t - 5. What are the prime factors of r?
101
Suppose -2*t = -3*l + 3053, -3929 = -4*l - 3*t + 119. What are the prime factors of l?
5, 7, 29
Suppose -2 + 6 = v. Suppose -8 = 2*t + v. Let s(n) = -4*n + 4. What are the prime factors of s(t)?
2, 7
Let s(n) = -22*n + 11. Let k be s(-8). Suppose 0 = 5*g - 98 - k. List the prime factors of g.
3, 19
Suppose -4*f + 2*k + 86 = 0, -3*f - 5*k = -2*f + 6. Suppose -1112 = -23*b + f*b. What are the prime factors of b?
2, 139
Let d(h) = -h**2 - 2*h - 72. Let w be d(0). Let f = 211 + w. List the prime factors of f.
139
Suppose 3*n = 4*v - 2*v + 2732, -5*n - 2*v = -4564. What are the prime factors of n?
2, 3, 19
Let c(i) = 14*i**2 - 37*i - 15. What are the prime factors of c(10)?
5, 7, 29
Let f(g) = -g - 2. Let s be f(-6). What are the prime factors of (-1 + 3 + 0)*406/s?
7, 29
List the prime factors of 5/1*(-12 + 13) - -1776.
13, 137
Let o(m) = -m**3 + 6*m**2 + 3*m + 2. Let v be o(7). Let c be (-6)/42 + (-822)/(-21). Let z = c + v. List the prime factors of z.
13
Suppose 0*l - 12*l + 1452 = 0. Let s = l + -55. List the prime factors of s.
2, 3, 11
Let p(t) = 6*t**2 - 2*t + 4. Let w be p(3). Let k(g) = 4*g**2 - 21*g - 67. Let n be k(7). Let l = n + w. List the prime factors of l.
2, 17
Let h(c) = 72*c + 14. Let r(d) = -73*d - 13. Let k(y) = -6*h(y) - 7*r(y). What are the prime factors of k(1)?
2, 43
Let s = 3150 - 1807. What are the prime factors of s?
17, 79
Let x(t) = 24*t + 150. List the prime factors of x(24).
2, 3, 11
Suppose -4*p + 4*g + 44 = 0, -2*p - 2*g - 1 = -7. Suppose -2*f + 3*f = 5. Suppose 3*j = f*a - 46, 5*j = 2*a - 0*a - p. What are the prime factors of a?
11
Suppose 21*p + 15 = 26*p. Suppose -p - 69 = -6*c. What are the prime factors of c?
2, 3
Suppose 0*a + 2455 = 2*o + 3*a, -3*o + 3675 = -3*a. What are the prime factors of o?
2, 613
Suppose -4*q + 13 + 3 = 0. Let w be 28/(-21)*42/q. List the prime factors of w/14 + (-6)/(-2).
2
Suppose -19 = 3*s + 3*l - 283, 4*s - 358 = 2*l. Suppose b = s + 79. What are the prime factors of b?
2, 3, 7
Let y = -484 -